{"id":2741,"date":"2025-12-03T16:32:27","date_gmt":"2025-12-03T16:32:27","guid":{"rendered":"https:\/\/mercadeo21marketing.com\/empresa07\/?post_type=product&#038;p=2741"},"modified":"2025-12-03T16:32:27","modified_gmt":"2025-12-03T16:32:27","slug":"equipo-de-respiracion-autonoma-circuito-cerrado-dezega","status":"publish","type":"product","link":"https:\/\/mercadeo21marketing.com\/empresa07\/product\/equipo-de-respiracion-autonoma-circuito-cerrado-dezega\/","title":{"rendered":"Equipo de respiraci\u00f3n aut\u00f3noma circuito cerrado DEZEGA"},"content":{"rendered":"","protected":false},"excerpt":{"rendered":"<p><span lang=\"es\">Equipo para respiraci\u00f3n aut\u00f3noma de circuito cerrado de 4 horas de pr\u00f3xima generaci\u00f3n del aparato respiratorio P-30 con el tiempo de protecci\u00f3n nominal de 4 horas.<\/span><\/p>\n","protected":false},"featured_media":0,"comment_status":"open","ping_status":"closed","template":"","meta":[],"product_brand":[],"product_cat":[44,69,65],"product_tag":[],"class_list":{"0":"post-2741","1":"product","2":"type-product","3":"status-publish","5":"product_cat-alquiler-equipos-espacio-confinado","6":"product_cat-equipos-especializados","7":"product_cat-respiracion-autonoma","9":"first","10":"instock","11":"shipping-taxable","12":"product-type-simple"},"_links":{"self":[{"href":"https:\/\/mercadeo21marketing.com\/empresa07\/wp-json\/wp\/v2\/product\/2741","targetHints":{"allow":["GET"]}}],"collection":[{"href":"https:\/\/mercadeo21marketing.com\/empresa07\/wp-json\/wp\/v2\/product"}],"about":[{"href":"https:\/\/mercadeo21marketing.com\/empresa07\/wp-json\/wp\/v2\/types\/product"}],"replies":[{"embeddable":true,"href":"https:\/\/mercadeo21marketing.com\/empresa07\/wp-json\/wp\/v2\/comments?post=2741"}],"wp:attachment":[{"href":"https:\/\/mercadeo21marketing.com\/empresa07\/wp-json\/wp\/v2\/media?parent=2741"}],"wp:term":[{"taxonomy":"product_brand","embeddable":true,"href":"https:\/\/mercadeo21marketing.com\/empresa07\/wp-json\/wp\/v2\/product_brand?post=2741"},{"taxonomy":"product_cat","embeddable":true,"href":"https:\/\/mercadeo21marketing.com\/empresa07\/wp-json\/wp\/v2\/product_cat?post=2741"},{"taxonomy":"product_tag","embeddable":true,"href":"https:\/\/mercadeo21marketing.com\/empresa07\/wp-json\/wp\/v2\/product_tag?post=2741"}],"curies":[{"name":"wp","href":"https:\/\/api.w.org\/{rel}","templated":true}]}}