{"id":2391,"date":"2025-12-03T05:11:46","date_gmt":"2025-12-03T05:11:46","guid":{"rendered":"https:\/\/mercadeo21marketing.com\/empresa07\/?post_type=product&#038;p=2391"},"modified":"2025-12-03T13:15:04","modified_gmt":"2025-12-03T13:15:04","slug":"guante-anti-impacto-mcr","status":"publish","type":"product","link":"https:\/\/mercadeo21marketing.com\/empresa07\/product\/guante-anti-impacto-mcr\/","title":{"rendered":"Guante anti impacto MCR"},"content":{"rendered":"","protected":false},"excerpt":{"rendered":"<p>El dise\u00f1o exclusivo de TPR brinda una excelente cobertura para la protecci\u00f3n del dorso en la mano. Adem\u00e1s cuenta con un panel en la mu\u00f1eca que permite una identificaci\u00f3n personalizada. ANSI Calor de contacto Nivel 1 \u2013 176 \u00baF u 80 \u00baC<\/p>\n","protected":false},"featured_media":0,"comment_status":"closed","ping_status":"closed","template":"","meta":[],"product_brand":[],"product_cat":[49,53],"product_tag":[],"class_list":{"0":"post-2391","1":"product","2":"type-product","3":"status-publish","5":"product_cat-epp-industrial-y-mineria","6":"product_cat-proteccion-manos","8":"first","9":"instock","10":"shipping-taxable","11":"product-type-simple"},"_links":{"self":[{"href":"https:\/\/mercadeo21marketing.com\/empresa07\/wp-json\/wp\/v2\/product\/2391","targetHints":{"allow":["GET"]}}],"collection":[{"href":"https:\/\/mercadeo21marketing.com\/empresa07\/wp-json\/wp\/v2\/product"}],"about":[{"href":"https:\/\/mercadeo21marketing.com\/empresa07\/wp-json\/wp\/v2\/types\/product"}],"replies":[{"embeddable":true,"href":"https:\/\/mercadeo21marketing.com\/empresa07\/wp-json\/wp\/v2\/comments?post=2391"}],"wp:attachment":[{"href":"https:\/\/mercadeo21marketing.com\/empresa07\/wp-json\/wp\/v2\/media?parent=2391"}],"wp:term":[{"taxonomy":"product_brand","embeddable":true,"href":"https:\/\/mercadeo21marketing.com\/empresa07\/wp-json\/wp\/v2\/product_brand?post=2391"},{"taxonomy":"product_cat","embeddable":true,"href":"https:\/\/mercadeo21marketing.com\/empresa07\/wp-json\/wp\/v2\/product_cat?post=2391"},{"taxonomy":"product_tag","embeddable":true,"href":"https:\/\/mercadeo21marketing.com\/empresa07\/wp-json\/wp\/v2\/product_tag?post=2391"}],"curies":[{"name":"wp","href":"https:\/\/api.w.org\/{rel}","templated":true}]}}