{"id":2385,"date":"2025-12-03T05:08:06","date_gmt":"2025-12-03T05:08:06","guid":{"rendered":"https:\/\/mercadeo21marketing.com\/empresa07\/?post_type=product&#038;p=2385"},"modified":"2025-12-03T13:15:23","modified_gmt":"2025-12-03T13:15:23","slug":"marco-portavisor-v-gard-msa","status":"publish","type":"product","link":"https:\/\/mercadeo21marketing.com\/empresa07\/product\/marco-portavisor-v-gard-msa\/","title":{"rendered":"Marco portavisor V-Gard MSA"},"content":{"rendered":"","protected":false},"excerpt":{"rendered":"<p>Compatibilidad perfecta con protecci\u00f3n respiratoria de medio rostro y protecci\u00f3n vista.<br \/>\nAmplia gama de visores para multiples aplicaciones.<br \/>\nPermite trabajar con el visor levantado en varias posiciones fijas.<br \/>\nFabricaci\u00f3n sin elementos met\u00e1licos para ser utilizado en aplicaciones con riesgo el\u00e9ctrico.<\/p>\n","protected":false},"featured_media":0,"comment_status":"closed","ping_status":"closed","template":"","meta":[],"product_brand":[],"product_cat":[49,52],"product_tag":[],"class_list":{"0":"post-2385","1":"product","2":"type-product","3":"status-publish","5":"product_cat-epp-industrial-y-mineria","6":"product_cat-proteccion-facial","8":"first","9":"instock","10":"shipping-taxable","11":"product-type-simple"},"_links":{"self":[{"href":"https:\/\/mercadeo21marketing.com\/empresa07\/wp-json\/wp\/v2\/product\/2385","targetHints":{"allow":["GET"]}}],"collection":[{"href":"https:\/\/mercadeo21marketing.com\/empresa07\/wp-json\/wp\/v2\/product"}],"about":[{"href":"https:\/\/mercadeo21marketing.com\/empresa07\/wp-json\/wp\/v2\/types\/product"}],"replies":[{"embeddable":true,"href":"https:\/\/mercadeo21marketing.com\/empresa07\/wp-json\/wp\/v2\/comments?post=2385"}],"wp:attachment":[{"href":"https:\/\/mercadeo21marketing.com\/empresa07\/wp-json\/wp\/v2\/media?parent=2385"}],"wp:term":[{"taxonomy":"product_brand","embeddable":true,"href":"https:\/\/mercadeo21marketing.com\/empresa07\/wp-json\/wp\/v2\/product_brand?post=2385"},{"taxonomy":"product_cat","embeddable":true,"href":"https:\/\/mercadeo21marketing.com\/empresa07\/wp-json\/wp\/v2\/product_cat?post=2385"},{"taxonomy":"product_tag","embeddable":true,"href":"https:\/\/mercadeo21marketing.com\/empresa07\/wp-json\/wp\/v2\/product_tag?post=2385"}],"curies":[{"name":"wp","href":"https:\/\/api.w.org\/{rel}","templated":true}]}}